ime factors of s.
5
What are the prime factors of (-1 - -70) + 4 + 2?
3, 5
Suppose 7*j + 12 = 5*j. Let t(p) = p**2 + 4*p + 1. List the prime factors of t(j).
13
List the prime factors of 200/(-6)*(-6)/4.
2, 5
Let l(g) = g**3 - 14*g**2 + 11*g + 5. Let q be l(13). Let i = q - -49. List the prime factors of i.
2, 7
Suppose -l + p + 4 = -2, 2*p = 3*l - 14. Suppose i - l = 11. Let x = 28 - i. What are the prime factors of x?
3, 5
What are the prime factors of 91 + (-3 - -5) + -3?
2, 3, 5
Suppose -144 = -2*i - 2*i. List the prime factors of i.
2, 3
Let h(g) = 0 + 0 - 4*g + 2. What are the prime factors of h(-8)?
2, 17
Let l(f) = -3*f**2 + 5. Let k(q) = -q**2. Let u be 2/(-5) + (-12)/20. Let s(v) = u*l(v) + 2*k(v). List the prime factors of s(4).
11
Let u be ((-2)/(-1))/(4/6). Let t(w) = 2*w**u - 5*w + 0*w**3 + 3 - 4*w**2 - w**3. List the prime factors of t(5).
3
Let f(n) be the third derivative of 0*n**4 + 1/10*n**6 + 0*n - 1/6*n**3 - 4*n**2 + 1/60*n**5 + 0. What are the prime factors of f(1)?
2, 3
Suppose 0 = -l - 3*r - 15, -2*l + 5*l + 5*r + 29 = 0. Let v(k) = -k**3 - 3 - k + 2*k + 2*k**3 + 5*k**2. What are the prime factors of v(l)?
2, 3
Let o(p) = -4*p + 3. Let t be o(-3). Suppose -4*j + 73 = -t. Let z = j + -13. List the prime factors of z.
3
Suppose -5*p + 5*z = -240, -3*z + 52 = p - 0*p. List the prime factors of p.
7
Let q(y) = -y**3 - 4*y**2 + 1. Let w be q(-4). Let n(i) = i. Let p be n(w). What are the prime factors of 12 + (-2 + p - -1)?
2, 3
Suppose 2*n - 54 = 4*x, -x = 2*n - 2*x - 57. List the prime factors of n.
29
Let o(c) = -c**3 + 11*c**2 - 11*c - 8. What are the prime factors of o(9)?
5, 11
Let j = 71 - -54. What are the prime factors of j?
5
Let r(q) = 303*q**2 - 1. What are the prime factors of r(-1)?
2, 151
Suppose -64 = 78*a - 80*a. What are the prime factors of a?
2
Let s(p) = -p. Let h be s(-9). What are the prime factors of 16/(-6)*h/(-3)?
2
Suppose -172 = -12*g + 8*g. List the prime factors of g.
43
Let u(y) = 3*y**2 + 7*y + 5. Suppose 3*g - 1 = -13. List the prime factors of u(g).
5
Let d = 462 - 260. List the prime factors of d.
2, 101
Let l = 96 - -6. List the prime factors of l.
2, 3, 17
Let c be (-1)/(1/(-1) - 0). Let f(z) = 13*z**2 - z + 1. List the prime factors of f(c).
13
Suppose 5*t = -k + 84, -4*k + 59 + 340 = -t. What are the prime factors of k?
3, 11
Suppose 5*a - 2*v = 4, 5*a - a = 3*v - 1. What are the prime factors of 15 + (-1)/2*a?
2, 7
Let c = 22 + -11. Let m = 17 - c. What are the prime factors of m?
2, 3
Let p(o) = -2*o - 9. Let d be p(-6). Suppose d*i = -5*v - 0*v + 50, -4*i - 2*v = -62. List the prime factors of i.
3, 5
Let k(h) = 14*h**2 - 3*h. Let w be k(3). Suppose -4*z + 3 = -w. Let s = z - 19. What are the prime factors of s?
11
Suppose 0 = -n + 2. List the prime factors of n + 0*(-4)/(-16).
2
Suppose 0 = 5*c - 96 + 11. What are the prime factors of c?
17
Let m(a) = 56*a**2 + 3*a - 2. What are the prime factors of m(1)?
3, 19
Let x = 4 - 1. Let k = x - 2. Let v = k - -5. List the prime factors of v.
2, 3
Suppose 0 = 2*k - 3*k + 5*i + 194, 4*k - 824 = 4*i. List the prime factors of k.
11, 19
Let a = -8 - -10. Suppose 237 = h + 2*q, -3*h + h = 5*q - 477. List the prime factors of a/(-4) - h/(-14).
2
Let k = -17 + 26. Suppose -k = -y + 23. What are the prime factors of y?
2
Let f(u) = 6*u + 15. List the prime factors of f(8).
3, 7
Let a(u) = -7*u - 1. List the prime factors of a(-2).
13
Suppose 4 = w + 3*w. What are the prime factors of w*10/(-1)*-1?
2, 5
Let x(q) = -q**3 + 6*q**2 + q - 10. Let p = -25 + 30. List the prime factors of x(p).
2, 5
Suppose 4*o + 62 - 166 = 0. Suppose 2*g - c + 5 = 0, 0*g + g + 2*c - 10 = 0. Suppose g*f - o = -2*f. List the prime factors of f.
13
Let w(b) be the first derivative of 5*b**3/6 - b**2/2 + b - 3. Let g(u) be the first derivative of w(u). List the prime factors of g(2).
3
Let a(h) = 13*h**3 - 2*h**2 + 2*h + 3. Let q(t) = -t**3 + t + 1. Let i(z) = -a(z) + 2*q(z). List the prime factors of i(-1).
2
Let a = 4 - 1. Suppose -4*i + 4 = 3*x, -x - 2*i - 1 = -a*i. Suppose -3*o + 5*j = -49, -5*o - 3*j + 13 + 12 = x. List the prime factors of o.
2
Suppose 0 = c + 3, -c = -4*w - 29 + 156. What are the prime factors of w?
31
Suppose 4*j - 18 = -2. Suppose 6*f = 3*r + f - 10, -r = -j*f - 1. Suppose -4 = -3*b - 0*d + 5*d, -4*b - r*d + 52 = 0. What are the prime factors of b?
2
Suppose -5*m + 539 = z, 0 = -4*m - m - 3*z + 547. List the prime factors of m.
107
Let a = -18 - -23. Suppose 4*v - 204 = -4*n, n = -0*n - a*v + 35. What are the prime factors of n?
5, 11
Let n = 7 + -4. Let b be 21/9 - 1/n. Suppose b*x + 3 - 17 = 0. What are the prime factors of x?
7
Let m(h) = h**3 + 5*h**2 + 5*h - 4. Let g be m(-4). List the prime factors of (52/g)/((-3)/6).
13
Let o(l) = 4*l**2 - 1. Let h be o(1). Suppose 3*v + 67 = 4*u, h*u + 0*v = v + 54. List the prime factors of u.
19
Let m = 2 + 2. Let i = 35 + -20. What are the prime factors of i + m + (-3 - 0)?
2
Suppose -o + 128 = 3*t - 0*t, -2*t = 3*o - 349. List the prime factors of o.
113
Let u be 2/(-5) + 335/25. Suppose -3*s - 2*s = o - u, 4*s = 4. Suppose 4 = -2*t + o. What are the prime factors of t?
2
Let t be (-3)/4*(1 + -13). Suppose 3*x - s = t, -x - 3*s = 4*x - 1. What are the prime factors of 13 - (-3)/(-6)*x?
2, 3
Suppose 0 = 5*a - 2*j - 58, -2*a = 3*a + j - 61. Let y be (-1)/(-2) - (-2)/4. What are the prime factors of (2 + y)*a/9?
2
Let k(z) = -z**3 - 7*z**2 - 5*z + 8. Let j be k(-6). Let a = 3 + -2. Suppose -9 - a = -j*t. What are the prime factors of t?
5
Suppose 458 = 3*o - 418. List the prime factors of o.
2, 73
Suppose 187 = -5*l + 542. List the prime factors of l.
71
Let g = -212 + 338. What are the prime factors of g?
2, 3, 7
Let h be -1 - (0 + -6) - -1. Let k(m) = -m**2 + m + 5. Let c be k(0). Suppose -c*p + h = -9. What are the prime factors of p?
3
Suppose -132 = 3*y + 2*i, i + 132 = -3*y + 2*i. Let c = y - -65. List the prime factors of c.
3, 7
Suppose 52 = u - 18. List the prime factors of u.
2, 5, 7
Suppose 2*s + 10 = 5*u, -4*u + 2*s + 4 = -2. Let c = 1 + u. What are the prime factors of c?
5
Let d(m) = m + 9. List the prime factors of d(-7).
2
Suppose q + 3 = -1. Let b be 4/(-2)*(-2)/q. What are the prime factors of 9 + (1 - 0) - b?
11
Let y be ((-2)/(-4))/(2/(-24)). What are the prime factors of (2/y)/((-6)/612)?
2, 17
Let z be 13/(-2) - (-2)/(-4). Let i = z - -11. Suppose 0*u = 2*x + i*u + 6, u - 2 = -x. List the prime factors of x.
7
Suppose 2*k = 2*j - 366, 3*k = -j - 4*j + 899. Suppose 5*a - 24 - j = 0. List the prime factors of a.
41
Let v(c) = c**2 - 6*c - 11. Suppose 17 = -5*o - 8. Let j = 13 + o. List the prime factors of v(j).
5
Suppose 2*g = 32 - 12. Let o(t) = 10 - 5*t - g + t**2. What are the prime factors of o(7)?
2, 7
Let r(z) = -z**3 - 4*z**2 + 1. Let f be r(-4). Let m be (-46)/(-8) + f/4. Suppose 0 = 5*s - 2*s + 2*v - 2, s - m = 2*v. List the prime factors of s.
2
Let c(u) = -4*u + 4. Let t(y) = 3*y - 3. Let k(r) = 5*c(r) + 7*t(r). What are the prime factors of k(6)?
5
Let w(o) = o**2 + 2. Let f be w(0). Suppose -11 = f*a + 3*a + 3*c, c + 2 = 0. What are the prime factors of a + -1 + 13 + 1?
2, 3
Let t be 4/(-2) - (-9 - -3). Suppose -f - t*f = -145. What are the prime factors of f?
29
Suppose -2*q = -p + 6*p + 30, -4*p - 24 = q. Suppose 30 = 3*y - 5*y + 2*t, 3*t - 3 = 0. Let d = p - y. What are the prime factors of d?
2
Let b = -4 + 7. Suppose 0 = -5*y - b*x + 144, -3*x + 6 = -3*y + 78. What are the prime factors of y?
3
Let o(m) = -13*m - 10. What are the prime factors of o(-2)?
2
Let c = -8 + 4. Let u(r) = -7*r + 4. Let j be u(c). Suppose j = 3*t - 2*k, 2*t + 4*k = t + 6. List the prime factors of t.
2, 5
Suppose -m + 5*f + 27 = 0, 4*f + 13 + 11 = 2*m. Suppose 4*n + 14 = -m. Let q = 8 - n. What are the prime factors of q?
2, 3
Let c(t) = t**2 - 6*t. Let v be c(7). Suppose -4*o + 0 = -3*u + 13, 0 = -u + 4*o + v. Suppose -u*b - 8 = -2*q, 2*q + 4*b - 2 = 20. List the prime factors of q.
7
Let y(l) = -l**3 + 9*l**2 + 2*l + 2. List the prime factors of y(9).
2, 5
Let c = -2 - 4. Let l = c - -8. Suppose 4*u - 8 = l*u. List the prime factors of u.
2
Let a be (-1 + 1)/(-1 + 0). Suppose 3*m = -a*m + 36. Suppose -3*h - m = -4*q + 4, -q - 5*h = -27. What are the prime factors of q?
7
Suppose -11*n +